e prime factors of q.
2, 7, 1039
Suppose -5*u = 5*d + 195, 78 = -2*d + 5*u - 0. Let p = 42 + d. List the prime factors of (13/p)/((-18)/(-162)).
3, 13
Let r(w) = -2*w**3 + 42*w**2 + 3*w - 51. Let c be r(21). Suppose 14*j - 151 = -5*y + c*j, -104 = -4*y + 4*j. What are the prime factors of y?
29
Let k(l) = 17*l**2 + 17*l - 10*l - 2 - 28*l**2. Let b be k(-5). What are the prime factors of (b/28)/((-3)/63)?
2, 3, 13
Let v be (-2 - (2 - 1)) + (-6 - -11). Suppose v*i - 6*i = -20. Suppose -i*w = -280 + 25. What are the prime factors of w?
3, 17
Suppose 17224 = -16*c + 23*c - 29746. What are the prime factors of c?
2, 5, 11, 61
Let o be -2*5/(-2) + (-94 - -82). What are the prime factors of ((-422)/(-6))/(60/(-9) - o)?
211
What are the prime factors of (0 + 36 - 16) + 34554?
2, 59, 293
Let g = -616 + 622. Suppose 0 = -r + 53 + 21. Let x = g + r. List the prime factors of x.
2, 5
Suppose 199351 = 376*z - 1359169. List the prime factors of z.
5, 829
Suppose 5*d + 2*j + 147 = 0, 39 = j + 40. Let t(q) = -24*q + 25. What are the prime factors of t(d)?
7, 103
Let f(a) = a**2 + a - 34. Let s be f(-6). What are the prime factors of (-290)/s + 6/(-12)?
2, 3
Let n be (-2)/7 + 11518/182. Suppose n*a - 3628 = 59*a. List the prime factors of a.
907
Let h(w) = 0*w + 0*w + 4*w - 3*w + 7. Let a be h(-1). Suppose 0 = -a*x + x - 10, -4*t + 314 = 3*x. List the prime factors of t.
2, 5
Let v = -19813 + 28767. List the prime factors of v.
2, 11, 37
Let o(u) = 416*u - 1724. List the prime factors of o(15).
2, 1129
Let a(c) = 555*c**2 + 160*c - 1167. What are the prime factors of a(7)?
2, 11, 617
Suppose -278490 - 244821 = -185*y + 154*y. List the prime factors of y.
3, 17, 331
Suppose 4*v = -4*n + 1804, -130 - 1706 = -4*n + 4*v. Suppose -2*i = -i - 5. Suppose -n = 2*h - 7*h - i*w, -3*w + 101 = h. What are the prime factors of h?
2, 43
Let l = -10952 - -24589. List the prime factors of l.
13, 1049
Let s = 129 + -85. Suppose -s*h - 546 = -47*h. Let a = 303 - h. List the prime factors of a.
11
Let u(r) = 486*r**3 + 5*r**2 - 20*r + 77. What are the prime factors of u(3)?
2, 103
Let a(m) = -9 + 0*m**2 + m**2 + m**2 - 14*m - 3*m**2. Let g = -535 - -522. List the prime factors of a(g).
2
Suppose -2*p = -11*p + 54. What are the prime factors of 2*1 - -3*(p - -133)?
419
Suppose 0 = -3*v - 3*j + 36, -4*j = v + v - 30. Suppose v*w - 2*w + 35 = 0. Let s(o) = -4*o + 8. List the prime factors of s(w).
2, 7
Let u(t) = -t**3 - 5*t**2 + 9*t + 21. Let l be u(-6). Let n(b) = 11*b + 1103*b**2 - b**3 - 1105*b**2 - 7 + l*b**3. List the prime factors of n(5).
2, 31
Let b be -3*(2/6 - 3/3). Suppose -h = b*l - 1259, 0 = -2*h + 7*l - 3*l + 2486. What are the prime factors of h?
3, 139
Let r be 62/155 + (-1497)/5. Let y = 410 - r. What are the prime factors of y?
709
Suppose 40609 = 16*o + 11777. List the prime factors of o.
2, 17, 53
Suppose 0 = -32*q - 9*q + 137678. What are the prime factors of q?
2, 23, 73
Suppose -6*x - 1938 = -9*x. Let o be (x/(-4) - 2)/(9/(-18)). Let g = o - 200. What are the prime factors of g?
127
List the prime factors of 490398/18 - (48/(-720) - (-3)/(-5)).
5, 5449
Suppose -77106 = -7*l - 30339. What are the prime factors of l?
3, 17, 131
Suppose 2*a + 1952 = -2*m, -2*m - 1964 = -0*m + 5*a. Let b = m - -1935. List the prime factors of b.
3, 107
What are the prime factors of (-162235)/(-2)*(36/45)/1?
2, 71, 457
Let j = -220 + 237. Suppose 1034 = 4*g - 3*p, 14*g - j*g - p = -769. What are the prime factors of g?
257
Suppose 1126*n - 986 = 1125*n. What are the prime factors of n?
2, 17, 29
Suppose -2 = -v - 0. Let t(w) = 3*w + 14 + 65 + 139 - w - v*w**2. What are the prime factors of t(0)?
2, 109
Let w = 47354 - 41681. What are the prime factors of w?
3, 31, 61
Let m be (-3)/6*16 + 2. What are the prime factors of (-12)/24 - 1749/m?
3, 97
Suppose -38*b + 55*b = 46*b - 404927. What are the prime factors of b?
13963
Let a = 26 - 50. Let n = 48 + a. Let s = n - -49. List the prime factors of s.
73
Suppose 16 = 8*h - 4*h. Suppose -y + 3 = h*q - 1, -4*y - 2 = -2*q. Suppose y = 2*u - 62 - 126. List the prime factors of u.
2, 47
Let f(x) = 27*x + 10. Let d be f(-1). List the prime factors of 34*(d - -1)/(-8).
2, 17
Suppose -t = -4 + 7. List the prime factors of (300/8)/(t/(-6)) - 1.
2, 37
List the prime factors of (7040/(-28))/(26/(-91)).
2, 5, 11
Let c = 35 + -30. Suppose c*o - 65 = 4*u + u, 0 = 4*o + 2*u - 64. List the prime factors of ((-574)/(-35))/(-3*(-1)/o).
2, 41
List the prime factors of 82424/((-176)/(-22)) - (2 + 0 + 1).
2, 5, 103
Let z(j) = -78*j**3 + 16*j**2 + 11*j - 1. What are the prime factors of z(-6)?
17, 1021
Suppose 4*c + 5*u - 110 = 0, 10 = -5*u - 0*u. Suppose -d + 7*d = c. Suppose -p - 3*k + 298 = 0, d*p - 5*k - 1306 = 144. What are the prime factors of p?
2, 73
Let c be 5/2*(12 - (14 + -4)). Suppose 3*n = -3*y + 3999, -c*y = -27 + 32. List the prime factors of n.
2, 23, 29
Suppose 5*n + 0*n - 3*j + 10 = 0, 4*n - 3*j = -5. Let t = 6 + 9. List the prime factors of 2151/t - (-2)/n.
11, 13
Let j = 4060 - -193. List the prime factors of j.
4253
Let t(s) = 258*s**2 + 208*s + 2280. What are the prime factors of t(-11)?
2, 5, 3121
Let b(g) be the first derivative of 54*g**2 + 87*g - 75. List the prime factors of b(6).
3, 5, 7
Let n = 3669 + -609. Suppose 0 = -5*s - 2*j + n, -j + 394 = s - 215. What are the prime factors of s?
2, 307
Let r(o) = o**3 - 14*o**2 + 3*o - 34. Let m be r(14). Suppose 24 = m*c - 0. Suppose c*f - 19 = -a + 9, 0 = -f - 5*a. What are the prime factors of f?
2, 5
Let d = 2 + -8. Let r be 3/d*3/(12/(-32)). Suppose -y = -5*k - 109, y - r*y - k + 295 = 0. List the prime factors of y.
3, 11
Suppose -3*i + 11373 = -3*l, -4*i + 6775 = 4*l - 8365. What are the prime factors of i?
2, 947
Suppose 18 = -j + 23. Suppose -j*y + 18 + 32 = 0. Suppose 5*s + 0*s + y = 0, -640 = -3*u + 2*s. What are the prime factors of u?
2, 53
List the prime factors of (14 - 288/18)*-33975.
2, 3, 5, 151
Suppose 2*w = -3*w + 15. Let r(k) be the third derivative of 3*k**4/2 - k**3/2 - 49*k**2. List the prime factors of r(w).
3, 5, 7
Let j = 36092 + -23174. What are the prime factors of j?
2, 3, 2153
Suppose -444*q + 1318640 = -364*q. What are the prime factors of q?
53, 311
List the prime factors of (-66)/(-44) + (16087/5)/(8/20).
5, 1609
Let d be (218/4*1)/(7/(-336)). Let b = -1832 - d. List the prime factors of b.
2, 7
Suppose z = -2*n + 7*n - 20, 3*z + 5*n = 0. List the prime factors of (-5)/z - (-1740)/3.
7, 83
Suppose -2*c = -5*i + 68, -c = -5*c + 4. Let x(k) = 2*k**2 - 9*k - 13. Let s be x(i). Let u = s + -150. What are the prime factors of u?
103
Let k = 28534 + -11837. What are the prime factors of k?
59, 283
Suppose -33*o - 5 = -71. List the prime factors of o*((-2433)/(-6) + 5).
821
Let r(v) = -3227*v - 3700. List the prime factors of r(-6).
2, 41, 191
Let z(f) = -f**2 - 20*f. Let k be z(-20). Suppose k = u + 4*x + 18, 2*u - 2*x - 4 = -0*u. Let v(c) = -9*c**3 + c + 2. What are the prime factors of v(u)?
2, 3
Let o be 86 + 38 + -1*3. List the prime factors of (-2 - (-2)/2)/(o/(-24079)).
199
Let m = -30891 + 50368. What are the prime factors of m?
19477
Let n(j) = -304*j + 86*j - 48 + 10 - 43. What are the prime factors of n(-2)?
5, 71
What are the prime factors of (-23 - 2163)*7/(-2)?
7, 1093
What are the prime factors of (72/30)/(246/4051210)?
2, 41, 241
Let q be (-23276)/(-748) + 2/(-17). Suppose q*w - 7775 = 6*w. List the prime factors of w.
311
Suppose 38*m - 15719080 = -198*m - 323*m. List the prime factors of m.
2, 5, 19, 37
Suppose -a + 3*w = -4498, 0 = -25*a + 28*a - 2*w - 13536. List the prime factors of a.
2, 1129
Let v(k) = -k**2 + 15*k + 5. Let l be v(12). Let x = -6 + l. Let z = x - 33. List the prime factors of z.
2
Let j be (-6)/(-10)*3875/(-62)*2. Let n(w) = -5*w**3 - 5*w**2 + w + 4. Let r be n(3). Let s = j - r. What are the prime factors of s?
2, 7
Let j = 53 + -23. Let c = j - 9. Suppose c = -0*v + 7*v. What are the prime factors of v?
3
Let u = -241 - -347. Suppose 91*b - u*b = -5445. What are the prime factors of b?
3, 11
What are the prime factors of 3/5*(-490)/(-588) + 173678/4?
2, 5, 13, 167
List the prime factors of (-192754)/(-11) - (25/55*1)/5.
3, 11, 59
Suppose 5*a + 3*o + 19 + 24 = 0, o = -6*a - 62. Let v(m) = 33 + 16 + 2 - 5*m. List t